ns digit of 808?
0
What is the units digit of 1513?
3
What is the hundreds digit of 17932?
9
What is the tens digit of 11682?
8
What is the units digit of 1357?
7
What is the hundreds digit of 34803?
8
What is the ten thousands digit of 10945?
1
What is the hundreds digit of 1357?
3
What is the hundreds digit of 143?
1
What is the hundreds digit of 4871?
8
What is the tens digit of 2509?
0
What is the thousands digit of 21109?
1
What is the tens digit of 601?
0
What is the tens digit of 2200?
0
What is the tens digit of 24687?
8
What is the thousands digit of 1127?
1
What is the ten thousands digit of 41739?
4
What is the hundreds digit of 6738?
7
What is the hundreds digit of 4853?
8
What is the hundreds digit of 17300?
3
What is the thousands digit of 8206?
8
What is the units digit of 6489?
9
What is the tens digit of 1724?
2
What is the hundreds digit of 168?
1
What is the units digit of 137?
7
What is the tens digit of 692?
9
What is the ten thousands digit of 38756?
3
What is the tens digit of 3227?
2
What is the hundreds digit of 8701?
7
What is the hundreds digit of 481?
4
What is the hundreds digit of 2192?
1
What is the tens digit of 4094?
9
What is the tens digit of 12539?
3
What is the tens digit of 28174?
7
What is the units digit of 9373?
3
What is the units digit of 15025?
5
What is the hundreds digit of 1763?
7
What is the hundreds digit of 489?
4
What is the tens digit of 14456?
5
What is the hundreds digit of 19764?
7
What is the thousands digit of 23664?
3
What is the units digit of 4005?
5
What is the units digit of 13808?
8
What is the ten thousands digit of 50902?
5
What is the units digit of 656?
6
What is the tens digit of 6294?
9
What is the hundreds digit of 341?
3
What is the thousands digit of 5411?
5
What is the units digit of 9534?
4
What is the thousands digit of 44824?
4
What is the units digit of 10283?
3
What is the tens digit of 16718?
1
What is the tens digit of 13735?
3
What is the hundreds digit of 980?
9
What is the tens digit of 46?
4
What is the hundreds digit of 3927?
9
What is the hundreds digit of 2604?
6
What is the units digit of 117023?
3
What is the thousands digit of 2959?
2
What is the tens digit of 33233?
3
What is the units digit of 1567?
7
What is the units digit of 7942?
2
What is the tens digit of 35874?
7
What is the units digit of 2103?
3
What is the units digit of 1936?
6
What is the tens digit of 7313?
1
What is the ten thousands digit of 34278?
3
What is the hundreds digit of 1973?
9
What is the tens digit of 8590?
9
What is the hundreds digit of 558?
5
What is the tens digit of 16346?
4
What is the thousands digit of 51985?
1
What is the units digit of 41518?
8
What is the units digit of 79542?
2
What is the thousands digit of 8824?
8
What is the hundreds digit of 41098?
0
What is the units digit of 1844?
4
What is the tens digit of 1169?
6
What is the tens digit of 3442?
4
What is the thousands digit of 17672?
7
What is the units digit of 3909?
9
What is the tens digit of 27970?
7
What is the units digit of 14772?
2
What is the thousands digit of 26258?
6
What is the tens digit of 451?
5
What is the tens digit of 9733?
3
What is the tens digit of 29794?
9
What is the hundreds digit of 40039?
0
What is the ten thousands digit of 42407?
4
What is the hundreds digit of 4413?
4
What is the ten thousands digit of 12718?
1
What is the tens digit of 7621?
2
What is the thousands digit of 12065?
2
What is the hundreds digit of 446?
4
What is the units digit of 1074?
4
What is the hundreds digit of 2871?
8
What is the hundreds digit of 1331?
3
What is the units digit of 21533?
3
What is the hundreds digit of 2893?
8
What is the hundreds digit of 1717?
7
What is the hundreds digit of 985?
9
What is the units digit of 315?
5
What is the thousands digit of 7064?
7
What is the tens digit of 39571?
7
What is the hundreds digit of 2672?
6
What is the hundreds digit of 18237?
2
What is the ten thousands digit of 123946?
2
What is the units digit of 1631?
1
What is the hundreds digit of 81738?
7
What is the units digit of 140445?
5
What is the hundreds digit of 842?
8
What is the thousands digit of 80085?
0
What is the tens digit of 17?
1
What is the hundreds digit of 565?
5
What is the units digit of 14159?
9
What is the hundreds digit of 1556?
5
What is the units digit of 8218?
8
What is the tens digit of 22621?
2
What is the tens digit of 832?
3
What is the hundreds digit of 7025?
0
What is the thousands digit of 1745?
1
What is the thousands digit of 149927?
9
What is the ten thousands digit of 14933?
1
What is the tens digit of 5617?
1
What is the thousands digit of 3032?
3
What is the thousands digit of 6324?
6
What is the units digit of 1384?
4
What is the tens digit of 1466?
6
What is the thousands digit of 2664?
2
What is the thousands digit of 13993?
3
What is the tens digit of 19?
1
What is the tens digit of 18564?
6
What is the hundreds digit of 13317?
3
What is the ten thousands digit of 38325?
3
What is the units digit of 773?
3
What is the thousands digit of 4598?
4
What is the thousands digit of 8557?
8
What is the units digit of 15765?
5
What is the thousands digit of 4986?
4
What is the units digit of 848?
8
What is the thousands digit of 1224?
1
What is the tens digit of 1046?
4
What is the tens digit of 790?
9
What is the hundreds digit of 100711?
7
What is the hundreds digit of 257?
2
What is the units digit of 305?
5
What is the hundreds digit of 13600?
6
What is the hundreds digit of 42697?
6
What is the thousands digit of 1953?
1
What is the thousands digit of 6206?
6
What is the tens digit of 294?
9
What is the units digit of 87?
7
What is the tens digit of 606?
0
What is the tens digit of 9721?
2
What is the tens digit of 1300?
0
What is the units digit of 2203?
3
What is the hundreds digit of 3450?
4
What is the hundreds digit of 16974?
9
What is the units digit of 2087?
7
What is the hundreds digit of 9113?
1
What is the hundreds digit of 65773?
7
What is the tens digit of 1676?
7
What is the units digit of 16?
6
What is the tens digit of 3079?
7
What is the units digit of 4763?
3
What is the hundreds digit of 37148?
1
What is the hundreds digit of 41280?
2
What is the tens digit of 3365?
6
What is the units digit of 97?
7
What is the ten thousands digit of 68682?
6
What is the thousands digit of 4580?
4
What is the hundreds digit of 20670?
6
What is the thousands digit of 15107?
5
What is the thousands digit of 5037?
5
What is the hundreds digit of 449?
4
What is the tens digit of 54100?
0
What is the units digit of 34606?
6
What is the thousands digit of 48046?
8
What is the thousands digit of 6903?
6
What is the tens digit of 655?
5
What is the tens digit of 25?
2
What is the hundreds digit of 698?
6
What is the ten thousands digit of 20094?
2
What is the tens digit of 49089?
8
What is the hundreds digit of 170949?
9
What is the hundred thousands digit of 109629?
1
What is the tens digit of 7316?
1
What is the thousands digit of 16484?
6
What is the units digit of 574?
4
What is the tens digit of 70512?
1
What is the thousands digit of 24511?
4
What is the tens digit of 665?
6
What is the tens digit of 28629?
2
What is the thousands digit of 137274?
7
What is the thousands digit of 3215?
3
What is the thousands digit of 24034?
4
What is the tens digit of 124755?
5
What is the thousands digit of 8658?
8
What is the units digit of 47?
7
What is the tens digit of 490?
9
What is the tens digit of 3161?
6
What is the units digit of 2577?
7
What is the units digit of 4668?
8
What is the hundreds digit of 2371?
3
What is the units digit of 18438?
8
What is the hundreds digit of 22948?
9
What is the thousands digit of 3244?
3
What is the thousands digit of 3683?
3
What is the tens digit of 3507?
0
What is the tens digit of 4575?
7
What is the thousands digit of 1455?
1
What is the hundreds digit of 35950?
9
What is the hundreds digit of 27464?
4
What is the units digit of 7806?
6
What is the units digit of 4789?
9
What is the hundreds digit of 22304?
3
What is the thousands digit of 11602?
1
What is the thousands digit of 38441?
8
What is the hundreds digit of 20534?
5
What is the thousands digit of 1422?
1
What is the units digit of 43188?
8
What is the tens digit of 304